ine d(1).
-4
Suppose z = 3*a - 5, 1 = 3*a - 3*z + 4*z. Let m(v) = 2*v - 1. Calculate m(a).
1
Let b(v) = v**3 - 2*v**2 + 3*v - 3. Let m(l) = l**2 + 5*l. Let i be m(-4). Let z be (-47)/(-9) - i/(-18). Let q = z + -3. Calculate b(q).
3
Let b(s) = -7*s - 3. Let u = -29 - -27. Determine b(u).
11
Suppose -2*s = -3 - 5. Suppose 2*l + 6 = -0*l + 5*f, -l + 10 = s*f. Suppose 3*a - l*a + 5 = 0. Let j(i) = i**2 + 3*i - 6. Give j(a).
4
Let x(n) = 4*n**3 + n**2 - 1. Let f(m) = -m**2 - 11*m. Let d be f(-11). Suppose 2*s - 2*v = -2*s, 2*v + 4 = d. What is x(s)?
-4
Let h(z) = 2*z - 9. Let y = -8 - -10. Suppose -u + 18 = y*u. Let g be h(u). Let f(c) = -c**3 + 3*c**2 - 2. What is f(g)?
-2
Let q(j) = -j**2 - 5*j - 4. Let t be (-10)/3*18/12. Give q(t).
-4
Suppose -142*q = -146*q - 20. Let a(x) = -x - 4. Calculate a(q).
1
Let a(v) = 8*v. Let d(b) = b**2 + b - 2. Let n be d(0). Let m(c) = c**2 + 8*c + 16. Let i be m(-5). Let j = i + n. What is a(j)?
-8
Let m(q) = -q - 4 + 5 + 3 + 2*q. Give m(-3).
1
Let t(p) be the first derivative of -2/3*p**3 + 2*p + 8 - 1/4*p**4 + p**2. Give t(2).
-10
Let v(r) be the second derivative of -r**3/6 + r**2 - 5*r. Calculate v(-2).
4
Let m(z) = z + 2*z - 3*z - 5 - 2*z. Give m(-4).
3
Let i = -32 + 45. Suppose m + i = 2*x, 0 = m + x - 0*x + 1. Let d(g) = -g - 3. Give d(m).
2
Let m(v) = -v**2 - 5*v. Let a be (12/15)/(1/25). Suppose -a = -4*j - 4*w, w + 2*w = -j + 9. Suppose -7*d - 20 = -j*d. What is m(d)?
0
Let t(f) = -f**3 - 2*f**2 - 7. Let s be t(-3). Let d(x) = -x**3 + x**2 - x - 2. Calculate d(s).
-8
Suppose -t - 9 = -4*t. Let a(u) = 4 - t + 6 + u. Determine a(0).
7
Let l(o) = o - 1. Let u be 6/2*(-10)/3. Let f = -5 - u. Determine l(f).
4
Let l = 12 - 7. Suppose 2 = -3*s + l. Let i(k) = -1 + 7*k + 3 + 0*k + k**2 + s. What is i(-5)?
-7
Let i(b) = 5*b**3 + 8*b**2 - 2*b + 6. Let c be 5 + -2 + 0/(-1). Let y(r) = 4*r**3 + 7*r**2 - r + 5. Let n(x) = c*i(x) - 4*y(x). What is n(-4)?
6
Let o(f) = -2*f**3 + 5*f**2 + 7*f - 7. Let z = 3 + 4. Let l(k) = k**3 - 2*k**2 - 3*k + 3. Let x(c) = z*l(c) + 3*o(c). Give x(-1).
0
Let a(r) = -7*r**2 + 6*r + 3. Let p(m) = 20*m**2 - 17*m - 9. Let i(h) = -17*a(h) - 6*p(h). What is i(3)?
-6
Let d be ((-3)/(-6) + 1)*2. Let p = d - 1. Let q(x) = 3*x**3 + 0*x**3 - 2*x**3 + x**p - 2 - x. Give q(0).
-2
Let a(n) = -n**3 + 6*n**2 + 4*n. Let f(t) = 3*t**2 - 2*t - 2. Let c be f(2). Determine a(c).
24
Let g(w) = 12*w - 7. Let s(q) = 18*q - 10. Let j(k) = 7*g(k) - 5*s(k). Give j(1).
-5
Suppose -8 = -5*f + 3*f. Let s be -1 + f/(-6)*-9. Let q(j) = s - 2 - j + 8. What is q(5)?
6
Let l(m) = -6*m + 1 + m**2 + 1 + 4. What is l(5)?
1
Let u = 14 + 8. Suppose -5*r = 4*h - 0*h - u, -2*h = r - 2. Let l be 9/r*(-2 + 0). Let k(i) = -i**3 - 3*i**2 + 3. Give k(l).
3
Let o(d) = -d**2 - 2*d - 1. Let t(m) = -2*m**3 + 2*m**2 - m. Let x be t(1). Give o(x).
0
Let z(i) be the second derivative of i**3/2 + 2*i**2 - 15*i. Calculate z(-3).
-5
Let i(v) = -2*v + 27. Let g be i(17). Let k(f) = -f**3 - 7*f**2 + f + 5. Give k(g).
-2
Let l = 12 + -8. Let b(d) = 3*d + 2*d - l*d - 6. What is b(5)?
-1
Let l(t) = -4*t**2 - 8*t - 6. Let c(h) = h**2 + h. Let s(q) = -3*c(q) - l(q). What is s(-6)?
12
Suppose 2*i - 4 = 6. Let d(c) = c**2 + c. Let j(w) = w**3 - 10*w**2 - 11*w + 5. Let f(x) = 6*d(x) + j(x). Give f(i).
5
Let d(m) = m - 3. Let t be d(0). Let r = 5 + t. Let g(y) = -y**3 - 2*y**2 + 3*y. Calculate g(r).
-10
Let q = 7 + 10. Let s(x) = q - 8*x - x**2 - 14 + 0*x**2. Give s(-6).
15
Let l(m) = m**2. Let n be l(0). Let w(p) = 3*p - 2 - 1 - 2*p. Determine w(n).
-3
Let z be 8 + (-2)/6*0. Let s(n) = 7 - 6 + n + z. Let m(b) = b**2 - 5*b - 4. Let g be m(5). What is s(g)?
5
Let y(a) = -a + 20. Suppose -4*b = -0*b. Calculate y(b).
20
Let p(n) be the second derivative of 0 + 0*n**2 - 6*n + 1/6*n**3. What is p(2)?
2
Let u be (-1)/2*20/(-5). Let i(t) = -t**2 + t**3 + 4*t**u - 2 - t**2 - 3*t. Determine i(-3).
-2
Let w(n) = n**3 - 10*n**2 + n - 1. Suppose 2*j = 4*g - 40, 3*j - 30 = -0*g - 3*g. Give w(g).
9
Let t(u) = -4*u**2 - 5. Let l be ((-4)/16)/((-2)/(-8)). Let k(i) = -i**2 + i - 1. Let z(q) = l*t(q) + 3*k(q). Give z(-3).
2
Let j(y) = y**2 - 4*y + 1. Let c be 20/(-3) - 6/(-9). Let a(x) = x**3 - 4*x**2 + 2*x + 2. Let b be a(3). Let p = b - c. Calculate j(p).
6
Suppose d = 2*o - 6, -2*d + 5 = 2*o - 1. Let h(y) = -1 - 2*y**3 + o*y**3 - 3*y**2 - 3*y + 5. Determine h(3).
-5
Let q(t) = -t**2 + 4*t. Let z be 1/(-1) + -3 + 8/1. Determine q(z).
0
Let q be (4/6)/((-1)/(-3)). Let l(t) = 2*t**2 - 1. Let i(o) be the first derivative of 2*o**3/3 - o + 2. Let x(d) = -2*i(d) + 3*l(d). Determine x(q).
7
Let p(h) = h**3 + 6*h**2 - 8*h - 2. Let m = 28 + -35. Calculate p(m).
5
Let d(j) = j**3 - j**2 - j + 10. Suppose 0 = 4*g - 5*f + 4 - 14, 2*f = 5*g - 4. Determine d(g).
10
Let k(i) be the third derivative of i**5/60 + i**4/3 + i**3 + 7*i**2. Give k(-6).
-6
Let x(c) = 4 - c - 3 + 3 + c**3 + c**2 - 3. Let d(u) = -2*u**3 - 8*u**2 + 2*u - 1. Let m(v) = d(v) + 3*x(v). Determine m(5).
-3
Let f(r) = 8*r**3 + 2*r**2 + r. Let q be 4 - 15/(-12)*-4. Determine f(q).
-7
Let z(k) be the third derivative of 13*k**5/60 + k**4/12 - k**3/6 - 16*k**2. Calculate z(1).
14
Let f = 14 + -10. Suppose 5*m = -5*r + 5, -5*r = m - f - 1. Let c(h) = -h**3 + 4*h + 5. Let n(o) = -2*o**3 + 11*o + 14. Let p(z) = 11*c(z) - 4*n(z). Give p(r).
-4
Let c(z) = -10*z + 24*z - 3*z - 12*z + 1. Give c(1).
0
Suppose -3*q + 8 = -7. Let x be (-1 + -5)*2/(-6). Let f(o) = o**3 + 0*o + 1 + 1 - 5*o**2 + 3*o - o**x. What is f(q)?
-8
Let x(f) = -2*f - 32 + 35 - 4*f. Determine x(3).
-15
Let q(i) = 20*i + 17. Let f(p) = 5*p + 4. Let z be (15/(-10))/(6/8). Let n(s) = z*q(s) + 9*f(s). Calculate n(-2).
-8
Let p(d) be the second derivative of d**3/6 + 11*d - 2. Let m = 0 + -2. What is p(m)?
-2
Let q(u) = u**3 - 5*u**2 - 7*u. Let r be q(6). Let c(h) = -h - 14. Calculate c(r).
-8
Let g(f) be the first derivative of 11*f**3/3 + f**2 + f - 2. Determine g(-1).
10
Let x(l) be the first derivative of l**3/3 + 3*l**2 + 2*l - 1. Let g(n) = -2*n + 2. Let w be g(-4). Let z = 6 - w. What is x(z)?
-6
Let c(u) = -15*u - 1. Suppose 5*j + 5 = -0*j. Determine c(j).
14
Let q be 5*(1 + 0 - 2). Let d(l) = 2*l. Let j(o) = -o. Let s(m) = -d(m) - 3*j(m). Determine s(q).
-5
Let m(o) = -o + 93 - o**2 - 188 + 93 - 3*o. Let r(c) = c**2 + 4*c - 5. Let g be r(-4). What is m(g)?
-7
Let m be (-4)/(-2) + 4 + 0. Let o(s) be the second derivative of -1/20*s**5 - 3/2*s**2 + 0*s**3 + 0 + 1/2*s**4 + 2*s. Give o(m).
-3
Let w be -4 - ((-1 - -1) + 2). Let k(s) = 3*s - 12*s + 11*s - 1. Determine k(w).
-13
Let x be (6 + -4)*3/(-2). Let v(w) = -w**2 - 2. Let f be v(0). Let o(t) = -t**2 + 3*t + 5. Let i(j) = j**2 - 1. Let q(p) = f*i(p) - o(p). Calculate q(x).
-3
Let c be 13/65 - 39/(-5). Suppose y + c = 3. Let g(n) = n**2 + 5*n - 1. Calculate g(y).
-1
Let i = -16 - -13. Let x(v) = -v**2 - 2*v + 2. What is x(i)?
-1
Let c(f) = 12*f - 18*f - 6*f**2 + 6*f - f**3 + 1. Suppose 4*b + 15 = d + 2*d, d = -5*b - 33. What is c(b)?
1
Let l(q) = -q**3 + 4*q**2 + 5*q + 2. Let c(t) = -6*t - 1. Let o be c(-1). Let y be l(o). Let d(h) = 3*h**y - h**2 - h**3 + 3 - 4*h + 5*h. Determine d(3).
-3
Suppose -4*i + w - 1 = 0, -4*w = -3*i + i - 18. Let j(b) = i - b**2 + b - 3*b**2 + 5*b**2. Let t = 3 - 1. What is j(t)?
7
Let f(k) be the first derivative of 4*k**3/3 - k + 2. Determine f(1).
3
Let t(c) = -c - 3. Let o(a) = -a**3 + 6*a**2 - 5*a + 2. Let j be o(5). Suppose j - 7 = p. What is t(p)?
2
Let h(s) be the second derivative of 1/2*s**2 - 3*s + 1/20*s**5 + 1/2*s**4 + 0 + 2/3*s**3. Calculate h(-5).
6
Let g(w) = -w - 2*w + 12 + 0*w - 3*w**2 - 3*w. Let a(k) = -k**2 - 2*k + 4. Let n(f) = 17*a(f) - 6*g(f). What is n(-3)?
-1
Let u = 1 + 0. Let d(h) be the second derivative of -7*h**3/6 + 7*h. Give d(u).
-7
Let t(d) = 3*d**2 + d - 2. Let k be 15/(-10)*(-8)/6. Give t(k).
12
Let a be 2/(-4) - (-36)/8. Suppose -3*c + 2 = -j - a*c, -2*c = 4. Let t(n) = n**2 + j*n + 0*n**2 - 4*n. Calculate t(5).
5
Let c(s) = s**2 - 1 - 8*s**2 + 6*s**2 - s - 3*s. Let g(h) = -h - 1. Let p be g(4). Determine c(p).
-6
Let l(w) be the third derivative of w**4/8 - w**3 - 49*w**2. Calculate l(-5).
-21
Suppose a + 10 = -a. Let n(s) = s**3 + 4*s**2 - 6*s - 3. Let h be n(a). Let y(w) = 0*w + 2*w + w. Determine y(h).
6
Let l = 8 + 0. Suppose -